{"id":1686,"date":"2015-01-31T17:22:44","date_gmt":"2015-01-31T16:22:44","guid":{"rendered":"http:\/\/luise-marcks.de\/?page_id=1686"},"modified":"2021-08-18T14:59:55","modified_gmt":"2021-08-18T13:59:55","slug":"juengernachfolge","status":"publish","type":"page","link":"https:\/\/luise-marcks.de\/?page_id=1686","title":{"rendered":"Nachfolge (4)"},"content":{"rendered":"<h4><em>Einander<\/em><\/h4>\n<p>Einander<br \/>\nsein lassen,<br \/>\nleben lassen.<br \/>\nSein Leben lassen<br \/>\nf\u00fcr einander &#8211;<br \/>\nwie DU.<\/p>\n<p><em>2. M\u00e4rz 2014<\/em><\/p>\n<h4><em>Von den klugen und t\u00f6richten Jungfrauen<\/em><\/h4>\n<p>Gleichviele klug wie t\u00f6richt.<br \/>\nUnd darin&nbsp;ich? Ganz klug? Ganz t\u00f6richt?<br \/>\nBin ich wohl beides nicht.<br \/>\nOder gar halb und halb?<\/p>\n<p>Wie werde ich dastehen, wenn der Ruf erschallt:<\/p>\n<p>&#8222;Der Br\u00e4utigam kommt, die Lampen nehmt!&#8220;<\/p>\n<p>Erschallt er heut,<br \/>\nich w\u00e4re wohl<br \/>\nbesch\u00e4mt.<\/p>\n<p><em>15. Juni 2013<\/em><\/p>\n<p>&nbsp;<\/p>\n<h3 style=\"text-align: center;\"><em>In den Spuren Deiner J\u00fcnger<\/em><\/h3>\n<p style=\"text-align: center;\">Wir verstehen dich nicht,<br \/>\nstreiten, wer unter uns der Gr\u00f6\u00dfte ist,<br \/>\nschlafen, wenn es darauf ankommt.<\/p>\n<p style=\"text-align: center;\">Lass uns<br \/>\nerschrecken<br \/>\nweinen<br \/>\numkehren<\/p>\n<p style=\"text-align: center;\">Dich k\u00fcnden,<br \/>\nselbst wenn es<br \/>\ndas Leben<br \/>\nkostet.<\/p>\n<p style=\"text-align: center;\"><em>31. Januar 2015<\/em><\/p>\n<h4>&nbsp;<em>Gerufen mit neuem Namen<\/em><\/h4>\n<p>Ehe &#8211;&nbsp;anderer Familienname &#8211;<br \/>\neine neue Familie beginnt.<br \/>\nKeimzelle der Kirche.<br \/>\nSchwester werden &#8211; anderer&nbsp;Rufname &#8211;<br \/>\nSEINEM &nbsp;Ruf folgen in die Wandlung.<\/p>\n<p><em>2. M\u00e4rz 2014<\/em><\/p>\n<p>&nbsp;<\/p>\n","protected":false},"excerpt":{"rendered":"<p>Einander Einander sein lassen, leben lassen. Sein Leben lassen f\u00fcr einander &#8211; wie DU. 2. M\u00e4rz 2014 Von den klugen und t\u00f6richten Jungfrauen Gleichviele klug wie t\u00f6richt. Und darin&nbsp;ich? Ganz klug? Ganz t\u00f6richt? Bin ich wohl beides nicht. Oder gar halb und halb? Wie werde ich dastehen, wenn der Ruf erschallt: &#8222;Der Br\u00e4utigam kommt, die &hellip; <a href=\"https:\/\/luise-marcks.de\/?page_id=1686\" class=\"more-link\"><span class=\"screen-reader-text\">Nachfolge (4)<\/span> weiterlesen<\/a><\/p>\n","protected":false},"author":1,"featured_media":3720,"parent":659,"menu_order":0,"comment_status":"open","ping_status":"open","template":"","meta":[],"_links":{"self":[{"href":"https:\/\/luise-marcks.de\/index.php?rest_route=\/wp\/v2\/pages\/1686"}],"collection":[{"href":"https:\/\/luise-marcks.de\/index.php?rest_route=\/wp\/v2\/pages"}],"about":[{"href":"https:\/\/luise-marcks.de\/index.php?rest_route=\/wp\/v2\/types\/page"}],"author":[{"embeddable":true,"href":"https:\/\/luise-marcks.de\/index.php?rest_route=\/wp\/v2\/users\/1"}],"replies":[{"embeddable":true,"href":"https:\/\/luise-marcks.de\/index.php?rest_route=%2Fwp%2Fv2%2Fcomments&post=1686"}],"version-history":[{"count":21,"href":"https:\/\/luise-marcks.de\/index.php?rest_route=\/wp\/v2\/pages\/1686\/revisions"}],"predecessor-version":[{"id":4014,"href":"https:\/\/luise-marcks.de\/index.php?rest_route=\/wp\/v2\/pages\/1686\/revisions\/4014"}],"up":[{"embeddable":true,"href":"https:\/\/luise-marcks.de\/index.php?rest_route=\/wp\/v2\/pages\/659"}],"wp:featuredmedia":[{"embeddable":true,"href":"https:\/\/luise-marcks.de\/index.php?rest_route=\/wp\/v2\/media\/3720"}],"wp:attachment":[{"href":"https:\/\/luise-marcks.de\/index.php?rest_route=%2Fwp%2Fv2%2Fmedia&parent=1686"}],"curies":[{"name":"wp","href":"https:\/\/api.w.org\/{rel}","templated":true}]}}