{"id":3882,"date":"2019-06-15T16:16:10","date_gmt":"2019-06-15T15:16:10","guid":{"rendered":"http:\/\/luise-marcks.de\/?page_id=3882"},"modified":"2021-06-19T14:26:17","modified_gmt":"2021-06-19T13:26:17","slug":"kurztexte-2019","status":"publish","type":"page","link":"https:\/\/luise-marcks.de\/?page_id=3882","title":{"rendered":"Kurztexte 2019\/2021"},"content":{"rendered":"\n<p>Auch deine Lebensspur ist der Witterung ausgesetzt.<\/p>\n\n\n\n<p>Deine Rolle im Leben Anderer wandelt sich<br>ohne dein Zutun.<\/p>\n\n\n\n<p>Folge deinem Gewissen, aber sei nicht dein Richter.<\/p>\n\n\n\n<p>Ma\u00dflosigkeit macht nur in Ma\u00dfen Spa\u00df.<\/p>\n\n\n\n<p>Erwarte nicht hinter der ersten Entt\u00e4uschung die Wahrheit.<br>Manchmal ist sie vielfach verh\u00fcllt.<\/p>\n\n\n\n<p>Dein Erkennen ist abh\u00e4ngig von deinem Standpunkt.<br>Also immer eingeschr\u00e4nkt.<\/p>\n\n\n\n<p>Erinnerung ist best\u00e4ndigem Wandel unterworfen,<br>da dein Lebensweg deinen Standpunkt ver\u00e4ndert.<\/p>\n\n\n\n<p>Versuche nie &#8211; auch nicht aus Liebe &#8211; <br>der Entt\u00e4uschung deiner N\u00e4chsten <br>durch T\u00e4uschung vorzubeugen.<br>Sonst wird der verlassene Boden der Wahrheit<br>dir die Freiheit nehmen.<\/p>\n\n\n\n<p>Scheitern kann gescheiter machen.<br>Weiterd\u00fcmpeln d\u00fcmmer.<\/p>\n\n\n\n<p>Immer sortierst du schon im Erleben<br>was du wahrnimmst.<\/p>\n\n\n\n<p>Keine Angst vor Fehlern!<br>Der das All schuf gab ihnen Entwicklungspotential.<\/p>\n\n\n\n<p>Recht haben begl\u00fcckt nicht wirklich.<br>Recht sein dagegen beheimatet.<\/p>\n\n\n\n<p><strong>Kurztexte 2021<\/strong><\/p>\n\n\n\n<p>Wer nachtr\u00e4gt bleibt gebunden an den, <br>dem er nachtr\u00e4gt.<\/p>\n\n\n\n<p>Mir ist Unrecht geschehen &#8211; Das ist wahr.<br>Ich habe unrecht getan &#8211; Das ist auch wahr.<br>Ohne die Anderen w\u00e4re mein Leben anders verlaufen &#8211; Das ist wahr.<br>Nie werde ich mein h\u00e4tte-w\u00e4re-w\u00fcrde-Leben kennenlernen,<br>in dem ich anderen Anderen begegnet w\u00e4re.<\/p>\n\n\n\n<figure class=\"wp-block-gallery columns-0 is-cropped wp-block-gallery-1 is-layout-flex\"><ul class=\"blocks-gallery-grid\"><\/ul><\/figure>\n\n\n\n<p>Wo immer man als S\u00fcnder unter S\u00fcndern lebt, <br>begegnet man der S\u00fcnde.<br>Barmherzigkeit ist, in all dem Vergebung zu erfahren,<br>Gnade, sie selber anderen zu gew\u00e4hren zu k\u00f6nnen.<\/p>\n\n\n\n<p>Vergebung vertuscht nichts, verdeckt nichts, besch\u00f6nigt nichts.<br>Sie stellt alles in das Licht dessen, der das Licht der Welt ist.<\/p>\n\n\n\n<p>Sind wir noch zu retten?<br>Glauben wir noch an den Retter der Welt?<\/p>\n\n\n\n<p>Gut gemeint &#8211; ein jeder wei\u00df es, ist noch lange nicht gut,<br>kann daneben gehen, nach hinten losgehen, sich als schlecht erweisen.<br>Dennoch w\u00fcrde ich es &#8222;B\u00f6s gemeint&#8220; vorziehen.<\/p>\n\n\n\n<p>Wann immer ich mich zum Richter aufschwingen m\u00f6chte,<br>zeig mir mein unterlassenes Gutes von nur diesem heutigen Tag.<\/p>\n\n\n\n<p>Ob auch an unserer Blindheit etwas offenbar werden soll?<\/p>\n\n\n\n<p><\/p>\n\n\n\n<p><\/p>\n","protected":false},"excerpt":{"rendered":"<p>Auch deine Lebensspur ist der Witterung ausgesetzt. Deine Rolle im Leben Anderer wandelt sichohne dein Zutun. Folge deinem Gewissen, aber sei nicht dein Richter. Ma\u00dflosigkeit macht nur in Ma\u00dfen Spa\u00df. Erwarte nicht hinter der ersten Entt\u00e4uschung die Wahrheit.Manchmal ist sie vielfach verh\u00fcllt. Dein Erkennen ist abh\u00e4ngig von deinem Standpunkt.Also immer eingeschr\u00e4nkt. Erinnerung ist best\u00e4ndigem Wandel &hellip; <a href=\"https:\/\/luise-marcks.de\/?page_id=3882\" class=\"more-link\"><span class=\"screen-reader-text\">Kurztexte 2019\/2021<\/span> weiterlesen<\/a><\/p>\n","protected":false},"author":1,"featured_media":3731,"parent":0,"menu_order":0,"comment_status":"closed","ping_status":"closed","template":"","meta":[],"_links":{"self":[{"href":"https:\/\/luise-marcks.de\/index.php?rest_route=\/wp\/v2\/pages\/3882"}],"collection":[{"href":"https:\/\/luise-marcks.de\/index.php?rest_route=\/wp\/v2\/pages"}],"about":[{"href":"https:\/\/luise-marcks.de\/index.php?rest_route=\/wp\/v2\/types\/page"}],"author":[{"embeddable":true,"href":"https:\/\/luise-marcks.de\/index.php?rest_route=\/wp\/v2\/users\/1"}],"replies":[{"embeddable":true,"href":"https:\/\/luise-marcks.de\/index.php?rest_route=%2Fwp%2Fv2%2Fcomments&post=3882"}],"version-history":[{"count":14,"href":"https:\/\/luise-marcks.de\/index.php?rest_route=\/wp\/v2\/pages\/3882\/revisions"}],"predecessor-version":[{"id":3980,"href":"https:\/\/luise-marcks.de\/index.php?rest_route=\/wp\/v2\/pages\/3882\/revisions\/3980"}],"wp:featuredmedia":[{"embeddable":true,"href":"https:\/\/luise-marcks.de\/index.php?rest_route=\/wp\/v2\/media\/3731"}],"wp:attachment":[{"href":"https:\/\/luise-marcks.de\/index.php?rest_route=%2Fwp%2Fv2%2Fmedia&parent=3882"}],"curies":[{"name":"wp","href":"https:\/\/api.w.org\/{rel}","templated":true}]}}