{"id":486,"date":"2013-06-01T15:16:50","date_gmt":"2013-06-01T13:16:50","guid":{"rendered":"http:\/\/www.martinaminges.eu\/luiseMarcks\/?page_id=486"},"modified":"2019-04-25T10:08:20","modified_gmt":"2019-04-25T09:08:20","slug":"dein-murren-in-mein-ohr","status":"publish","type":"page","link":"https:\/\/luise-marcks.de\/?page_id=486","title":{"rendered":"Murren (4)"},"content":{"rendered":"<h4><em>Kl<\/em><em>eine Wunden<br \/>\n<\/em><\/h4>\n<p>Kleine Wunden<br \/>\nwir verwahren<br \/>\nunvergessen noch<br \/>\nnach Jahren.<\/p>\n<p>Gro\u00dfe Wunder<br \/>\nrasch vergessen<br \/>\nkaum das Manna aufgegessen.<\/p>\n<p><em><strong>M\u00fcssensdruck<br \/>\n<\/strong><\/em><\/p>\n<p>Wenn ich einmal alles getan<br \/>\nwas ich tun muss,<br \/>\ndann ist endlich,<br \/>\nund sei es\u00a0 kurzzeitig,<br \/>\nmit dem M\u00fcssen Schlu\u00df,<br \/>\nm\u00f6chte man meinen,<br \/>\ndoch mir will scheinen,<br \/>\nverst\u00e4ndlich<br \/>\nist jener Verdruss,<br \/>\ndass diese Frist<br \/>\nniemals ist,<br \/>\nda niemals alles\u00a0 getan,<br \/>\nsteht wieder was an<br \/>\ndas ich muss.<br \/>\nFrust!<br \/>\nSchlu\u00df!<\/p>\n<p><em>9. Juli 2016<\/em><\/p>\n<p><em><strong>Meinen Mi\u00dfmut<\/strong><\/em><\/p>\n<p>Ich f\u00fcttere meinen Mi\u00dfmut<br \/>\nmit kleinen Brocken aufgew\u00e4rmter\u00a0 Kr\u00e4nkungen,<br \/>\nnotfalls auch mal mit schlechtem Wetter<br \/>\nund dem leichten Ziehen in meiner Zwirbels\u00e4ue,<br \/>\nbeginnender Bandscheibenzerfall;<br \/>\nSchmerzliche Bettl\u00e4grigkeit vorrausahnend,<br \/>\nlabe ich mich an der Vorstellung all dessen,<br \/>\nwas noch schlimmer h\u00e4tte kommen k\u00f6nnen,<br \/>\nverquerer Pseudotrost im Konjunktiv.<\/p>\n<p>&#8222;Bitte kannst du mir deine Unf\u00e4lle erz\u00e4hlen?&#8220;,<br \/>\nfordert das Kind zum wievielten Male?<br \/>\n&#8222;Welche?&#8220; &#8222;Alle!&#8220; Da wird\u00b4s behaglich!<\/p>\n<p><em>13. Juni 2016<\/em><\/p>\n<p>I<\/p>\n<p>Dein Unmut \u00fcber den Anderen<br \/>\nin meine Herzkammer ges\u00e4t<br \/>\nwartet &#8211; harrt.<br \/>\nVon meinem Unmut gen\u00e4hrt<br \/>\nw\u00e4chst &#8211; bl\u00fcht auf<br \/>\nUnfriede.<\/p>\n<p>II<\/p>\n<p>Du irrst!<br \/>\naber vielleicht<br \/>\nist doch ein Kern Wahrheit<br \/>\nin dem, was du murrst?<\/p>\n<p>Setze ich deine Nebelbrille auf<br \/>\nscheint mir: Du hast recht!<\/p>\n<p>III<\/p>\n<p>Der Anlass f\u00fcr dein Murren ist weg.<br \/>\nUnd ich? Wann entmurrst du mich?<\/p>\n<p>IV<\/p>\n<p>Dein Murren<br \/>\nin mein Ohr<br \/>\nmacht dich nicht frei.<\/p>\n<p>Lass es nicht wohnen<br \/>\nin deinem Bauch.<br \/>\nWirf die Nebelbrille weg.<br \/>\nVielleicht<br \/>\nschafft ein liebevoller Blick<br \/>\nVER\u00c4NDERUNG.<\/p>\n<p><em>1. Juni 2013<\/em><\/p>\n","protected":false},"excerpt":{"rendered":"<p>Kleine Wunden Kleine Wunden wir verwahren unvergessen noch nach Jahren. Gro\u00dfe Wunder rasch vergessen kaum das Manna aufgegessen. M\u00fcssensdruck Wenn ich einmal alles getan was ich tun muss, dann ist endlich, und sei es\u00a0 kurzzeitig, mit dem M\u00fcssen Schlu\u00df, m\u00f6chte man meinen, doch mir will scheinen, verst\u00e4ndlich ist jener Verdruss, dass diese Frist niemals ist, &hellip; <a href=\"https:\/\/luise-marcks.de\/?page_id=486\" class=\"more-link\"><span class=\"screen-reader-text\">Murren (4)<\/span> weiterlesen<\/a><\/p>\n","protected":false},"author":1,"featured_media":683,"parent":175,"menu_order":0,"comment_status":"open","ping_status":"open","template":"","meta":[],"_links":{"self":[{"href":"https:\/\/luise-marcks.de\/index.php?rest_route=\/wp\/v2\/pages\/486"}],"collection":[{"href":"https:\/\/luise-marcks.de\/index.php?rest_route=\/wp\/v2\/pages"}],"about":[{"href":"https:\/\/luise-marcks.de\/index.php?rest_route=\/wp\/v2\/types\/page"}],"author":[{"embeddable":true,"href":"https:\/\/luise-marcks.de\/index.php?rest_route=\/wp\/v2\/users\/1"}],"replies":[{"embeddable":true,"href":"https:\/\/luise-marcks.de\/index.php?rest_route=%2Fwp%2Fv2%2Fcomments&post=486"}],"version-history":[{"count":13,"href":"https:\/\/luise-marcks.de\/index.php?rest_route=\/wp\/v2\/pages\/486\/revisions"}],"predecessor-version":[{"id":3834,"href":"https:\/\/luise-marcks.de\/index.php?rest_route=\/wp\/v2\/pages\/486\/revisions\/3834"}],"up":[{"embeddable":true,"href":"https:\/\/luise-marcks.de\/index.php?rest_route=\/wp\/v2\/pages\/175"}],"wp:featuredmedia":[{"embeddable":true,"href":"https:\/\/luise-marcks.de\/index.php?rest_route=\/wp\/v2\/media\/683"}],"wp:attachment":[{"href":"https:\/\/luise-marcks.de\/index.php?rest_route=%2Fwp%2Fv2%2Fmedia&parent=486"}],"curies":[{"name":"wp","href":"https:\/\/api.w.org\/{rel}","templated":true}]}}