{"id":982,"date":"2013-10-22T22:37:13","date_gmt":"2013-10-22T20:37:13","guid":{"rendered":"http:\/\/www.martinaminges.eu\/luiseMarcks\/?page_id=982"},"modified":"2019-04-25T08:36:35","modified_gmt":"2019-04-25T07:36:35","slug":"gesellschaft","status":"publish","type":"page","link":"https:\/\/luise-marcks.de\/?page_id=982","title":{"rendered":"Gesellschaft (9)"},"content":{"rendered":"<h4><em>Die W\u00fcrde des Menschen<\/em><\/h4>\n<p>Die W\u00fcrde des Menschen<br \/>\nist unantastbar.<br \/>\nAb wann, wielange, f\u00fcr wen?<br \/>\nKeine Regel ohne Ausnahme.<br \/>\nKein Gesetz ohne Einschr\u00e4nkung.<\/p>\n<p>Was ist ein Mensch?<br \/>\nWie w\u00e4re Welt,<br \/>\nw\u00fcrde er gem\u00e4\u00df<br \/>\nseiner W\u00fcrde leben.<br \/>\nAktive Lebenshilfe<br \/>\nstatt passive Sterbehilfe.<\/p>\n<p>Was ist der Mensch,<br \/>\ndass DU an ihn denkst,<br \/>\nauch wenn er nicht an DICH denkt?<br \/>\nGew\u00fcrdigt durch dieses Gedenken.<\/p>\n<p><em>18. Oktober 2016<\/em><\/p>\n<h4><em>\u00c4pfelchen<\/em><\/h4>\n<p>Immer ist Sch\u00f6pfung<br \/>\nSch\u00f6pfung aus Liebe.<br \/>\nLeibesfrucht, Liebesfrucht.<br \/>\nNoch in der Perversion<br \/>\nder Eigenliebe,<br \/>\ndie Gewalt \u00fcbt.<\/p>\n<p>Und du, Reaganzglaskind,<br \/>\nKunstfrucht, herbeigeliebt,<br \/>\nmein teures,<br \/>\nnach wievielen Versuchen.<br \/>\nMein \u00c4pfelchen<br \/>\nvom Baum der Erkenntnis.<\/p>\n<p>Warum gedeihst du nicht<br \/>\nunter der w\u00e4rmenden Glocke<br \/>\nunserer Erwartungen?<br \/>\nWarum gibst du mir<br \/>\nin jedem Augenblick<br \/>\nein Gef\u00fchl von Schuld?<br \/>\nSei dakbar, mir!,<br \/>\nda du dich mir verdankst!<\/p>\n<p><em>23. Dezember 2015<\/em><\/p>\n<h4><em>Vermeidungsgehorsam<\/em><\/h4>\n<p>Angstbestimmt<br \/>\numschiffe ich<br \/>\nKonfrontationen,<br \/>\nversenke mich<br \/>\nvor den Augen<br \/>\ndes Gegners.<br \/>\n&#8222;Schau her, ich bin nicht da.&#8220;<br \/>\nAngstbestimmt<br \/>\nfahre ich Schlingerkurs,<br \/>\nlasse mich verkr\u00fcmmen,<br \/>\nwerde link,<br \/>\nwas mein Gegner mir<br \/>\nzurecht vorwirft.<br \/>\nAus Feigheit<br \/>\ngew\u00e4hre ich dem<br \/>\nSelbsterm\u00e4chtigten<br \/>\ndie Macht,<br \/>\ndie ihm nicht zusteht,<br \/>\nbeuge mich<br \/>\nunter seine Launen<br \/>\nund Empfindlichkeiten.<br \/>\nVermehre sie m\u00f6glicherweise<br \/>\ndurch Projektion.<br \/>\n\u00dcbe Vermeidungsgehorsam.<br \/>\nKonfrontationsvermeidung,<br \/>\ndie nicht zusammen f\u00fchrt.<\/p>\n<p><em>9. November 2015<\/em><\/p>\n<h4>\u00a0<em>Gesellschaft f\u00fcr<\/em><\/h4>\n<p>Gesellschaft f\u00fcr &#8230;<br \/>\nJa, f\u00fcr was denn?<br \/>\nGesellschaft f\u00fcr ungest\u00f6rtes Privatleben!<\/p>\n<h4><em>Demokratie<\/em><\/h4>\n<p>Ob das Kreuz an der &#8222;richtigen&#8220; Stelle<br \/>\nalle paar Jahre ausreicht?<\/p>\n<p>Wer tr\u00e4gt, wer ist bereit zu tragen,<br \/>\nwenigstens beizutragen?<\/p>\n<p>Stumm gebe ich die Stimme ab &#8211;<br \/>\nBuntstift auf Umweltpapier.<\/p>\n<p>Mein Kreuz, meine Stimme, meine Verantwortung.<\/p>\n<p><em>22. Oktober 2013<\/em><\/p>\n<h4><em>Nachgeworfen<\/em><\/h4>\n<p>Den Toten<br \/>\nwerfen wir alle<br \/>\nvorenthaltene<br \/>\nWertsch\u00e4tzung<br \/>\nnach,<br \/>\npl\u00f6tzlich stolz<br \/>\nsie gekannt zu haben.<\/p>\n<p><em>1. Dezember 2013<\/em><\/p>\n<h4><em>Eng<\/em><\/h4>\n<p>Wo D\u00fcnkel den Dank verdr\u00e4ngt.<br \/>\nWo man einander in Schablonen zw\u00e4ngt.<br \/>\nWo einer ungefragt f\u00fcr den Anderen denkt.<\/p>\n<p>Wo es nur eine Sichtweise gibt.<br \/>\nWo man sich nur zu Hochzeiten liebt.<\/p>\n<p>Wo ich und wir aus dem Gleichgewicht sind.<br \/>\nWo jeder, der eine Frage hat, spinnt.<br \/>\nUnd M\u00fctter f\u00fcrchten das eigene Kind.<\/p>\n<p><em>30. M\u00e4rz 2015<\/em><\/p>\n<h4><em>Gedenkminute<\/em><\/h4>\n<p>Eine Minute stilles Gedenken<br \/>\nan die ertrunkenen<br \/>\nFl\u00fcchtlinge<br \/>\nim Mittelmeer.<br \/>\nNicht an Urlaub am Strand.<br \/>\nAn die unschuldigen Kinder,<br \/>\nFrauen, M\u00e4nner.<br \/>\nKinder Gottes.<br \/>\n10 Sekunden<br \/>\nSo viele.<br \/>\nWieviele? Dreistellig?<br \/>\n2 Sekunden<br \/>\nKein Trauergef\u00fchl &#8211;<br \/>\nich kannte sie nicht.<br \/>\n3 Sekunden<br \/>\nEher Scham.<br \/>\nWarum? Nicht weiterdenken.<br \/>\n2 Sekunden<br \/>\nSie \u00e4ngstigen mich.<br \/>\nNicht die Ertrunkenen,<br \/>\ndie Anderen,<br \/>\ndie Durchkommen,<br \/>\ndie da sind,<br \/>\nbei uns,<br \/>\ndie noch kommen<br \/>\n10 Sekunden<br \/>\nDie Armen<br \/>\nbei uns.<br \/>\nIst ein schneller Tod nicht..<br \/>\n1 Sekunde<br \/>\ngn\u00e4dig?<br \/>\n1 Sekunde<br \/>\nErtrunken, mein Cousin,<br \/>\nfreundlicher, junger Mann,<br \/>\nbeim Surfen &#8211; falsches Thema<br \/>\n7 Sekunden<br \/>\nfliehen, surfen, fl\u00fcchten<br \/>\nzwei Welten<br \/>\naufeinanderprallen<br \/>\nzwei Welten.<br \/>\n5 Sekunden<br \/>\nVersuchtes Mitleid,<br \/>\nSelbstmittleid, Hilflosigkeit<br \/>\nin mir<br \/>\nzwei Welten.<br \/>\nIch gedenke Meiner.<br \/>\n17 Sekunden.<\/p>\n<p><em>22. April 2015<\/em><\/p>\n<h4><em>Wie sich Gemeinwesen gleichen<\/em><\/h4>\n<p>Einer ist ein charmanter Schaumschl\u00e4ger.<br \/>\nEiner sitzt auf seinen Reformpl\u00e4nen wie auf hei\u00dfen Kohlen,<br \/>\nEiner merkt gar nicht, dass er Abl\u00e4ufe st\u00e4ndig \u00e4ndert.<br \/>\nEiner erkl\u00e4rt gerne, auch das, womit er sich nicht auskennt.<br \/>\nEiner ist einfach ein schr\u00e4ger Vogel.<br \/>\nEiner versucht seine Schusseligkeit durch Freundlichkeit auszugleichen.<br \/>\nEiner ist nur im Team gut.<\/p>\n<p>Eine wird zwischen Gr\u00f6\u00dfenwahn und Minderwertigkeitsgef\u00fchlen<br \/>\nhin- und her geschleudert.<br \/>\nEine ist bestimmt von der Angst um ihren Platz.<br \/>\nEine ist warmherzig, tarnt dies aber durch herrisches Benehmen.<br \/>\nEine kann alles &#8211; aber mittelm\u00e4\u00dfig,<br \/>\nEine \u00fcbert\u00f6nt mit Engagemet f\u00fcr Andere, die Not,<br \/>\ndie eigene Hilfsbed\u00fcrftigkeit anzunehmen.<br \/>\nEine w\u00fcrde lieber nur wahrnehmen, wird aber st\u00e4ndig involviet.<br \/>\nEiner l\u00e4uft schnell die Galle \u00fcber.<\/p>\n<p>Einer brilliert vorne herum.<br \/>\nEiner sch\u00fcrt Klatsch.<br \/>\nEiner wei\u00df immer schon vor der Betroffenen, wer schwanger ist.<br \/>\nEiner weicht allen Anforderungen aus, um ganz bereit zu sein.<br \/>\nEiner war immer beliebt und sieht sich erstmals ausgegrenzt.<br \/>\nEiner tut mehr, als er muss, weil er das Gef\u00fchl hat, er muss.<br \/>\nEiner verbirgt seine Wunden unter sieben Schichten von T\u00fcchtigkeit, und leidet, dass sie nicht wahrgenommen werden.<\/p>\n<p>Eine macht keine Fehler, au\u00dfer dem, das auch<br \/>\nvon allen Anderen zu erwarten.<br \/>\nEine gleicht gerne aus, vegisst dar\u00fcber manchmal<br \/>\ndie eigenen Aufgaben.<br \/>\nEine leidet an allem, was schief gehen k\u00f6nnte.<br \/>\nEine genie\u00dft es heimlich ein bi\u00dfchen.<br \/>\nEine glaubt, dass alles von ihr abh\u00e4ngt.<br \/>\nEine tut einfach gerne ihre Arbeit.<br \/>\nEine schielt nach einem h\u00f6heren Rang.<\/p>\n<p>Einer ist zu allem bereit, macht viele Fehler und steht dazu.<br \/>\nEiner h\u00f6rt so gut zu, dass sich alle Probleme bei ihm sammeln.<br \/>\nEiner tr\u00e4gt die Letztverantwortung, auch f\u00fcr das,<br \/>\nwas er nicht mitbekommt.<br \/>\nEiner hat so viel Erfahrung, dass ihm nichts mehr einf\u00e4llt.<br \/>\nEiner wirkt unstrukturiert, hat aber den \u00dcberblick.<br \/>\nEiner ist gl\u00fccklich &#8211; wenigstens meistens.<\/p>\n<p>Eine fehlt &#8211; ich &#8211; aus der Ferne staunend,<br \/>\ndass aus den vielen &#8222;Einen&#8220; Eines wird<br \/>\nund wie sich die Gemeinwesen gleichen.<\/p>\n<p><em>15. Juni 2015<\/em><\/p>\n<p><em>\u00a0<\/em><\/p>\n","protected":false},"excerpt":{"rendered":"<p>Die W\u00fcrde des Menschen Die W\u00fcrde des Menschen ist unantastbar. Ab wann, wielange, f\u00fcr wen? Keine Regel ohne Ausnahme. Kein Gesetz ohne Einschr\u00e4nkung. Was ist ein Mensch? Wie w\u00e4re Welt, w\u00fcrde er gem\u00e4\u00df seiner W\u00fcrde leben. Aktive Lebenshilfe statt passive Sterbehilfe. Was ist der Mensch, dass DU an ihn denkst, auch wenn er nicht an &hellip; <a href=\"https:\/\/luise-marcks.de\/?page_id=982\" class=\"more-link\"><span class=\"screen-reader-text\">Gesellschaft (9)<\/span> weiterlesen<\/a><\/p>\n","protected":false},"author":1,"featured_media":425,"parent":0,"menu_order":0,"comment_status":"open","ping_status":"open","template":"","meta":[],"_links":{"self":[{"href":"https:\/\/luise-marcks.de\/index.php?rest_route=\/wp\/v2\/pages\/982"}],"collection":[{"href":"https:\/\/luise-marcks.de\/index.php?rest_route=\/wp\/v2\/pages"}],"about":[{"href":"https:\/\/luise-marcks.de\/index.php?rest_route=\/wp\/v2\/types\/page"}],"author":[{"embeddable":true,"href":"https:\/\/luise-marcks.de\/index.php?rest_route=\/wp\/v2\/users\/1"}],"replies":[{"embeddable":true,"href":"https:\/\/luise-marcks.de\/index.php?rest_route=%2Fwp%2Fv2%2Fcomments&post=982"}],"version-history":[{"count":20,"href":"https:\/\/luise-marcks.de\/index.php?rest_route=\/wp\/v2\/pages\/982\/revisions"}],"predecessor-version":[{"id":3808,"href":"https:\/\/luise-marcks.de\/index.php?rest_route=\/wp\/v2\/pages\/982\/revisions\/3808"}],"wp:featuredmedia":[{"embeddable":true,"href":"https:\/\/luise-marcks.de\/index.php?rest_route=\/wp\/v2\/media\/425"}],"wp:attachment":[{"href":"https:\/\/luise-marcks.de\/index.php?rest_route=%2Fwp%2Fv2%2Fmedia&parent=982"}],"curies":[{"name":"wp","href":"https:\/\/api.w.org\/{rel}","templated":true}]}}